 = j**3 + 8*j**2 - 3*j - 1. Let n = 9 - 17. Let a be s(n). Calculate the highest common factor of a and r.
23
Let g be ((-275)/825)/(-1 - (-112)/114). Suppose -4*y - v + 74 = 0, 61 = -0*y + 3*y - 2*v. Calculate the highest common factor of y and g.
19
Let c(l) = -2*l**2 + 94*l - 101. Let u be c(41). Calculate the greatest common factor of 92 and u.
23
Suppose -2*a + w - 11 + 65 = 0, 135 = 5*a + w. Suppose 12 = 14*r - 16. Suppose 0 = t + r*t - a. What is the highest common factor of 45 and t?
9
Let b(f) = 2*f**2 + 4*f - 19. Let n be b(5). Calculate the highest common factor of n and 663.
51
Let y(i) = 33*i**2 - 3*i. Let m(w) = -w**2 - 6*w + 2. Let n be m(-6). Let q be y(n). What is the highest common factor of q and 14?
14
Let m = -281 + 347. Calculate the highest common factor of m and 22.
22
Let w be (6/4)/(57/190). Let u be (-27)/w*50/(-10). What is the greatest common divisor of u and 189?
27
Suppose r - 54 = -r. Suppose -2*n = -3*z - 15 + 4, -n - 5*z = 14. Let i be (n/5)/((-6)/(-90)). What is the greatest common factor of r and i?
3
Let o = 468 + -362. What is the greatest common factor of 53 and o?
53
Let n(m) = -14*m + 1. Let p be n(-2). Suppose 0 = -4*v + 2*y - 38, 4*v + 0*y = -y - p. Let u = v + 98. Calculate the greatest common divisor of 10 and u.
10
Let v = -61 - -71. Let h = -7 + v. Calculate the highest common factor of 33 and h.
3
Let b be 0/((-1 - 0)*1*1). Let w be (3 - (0 + b) - 4) + 9. What is the greatest common divisor of 2 and w?
2
Suppose 182 = -h + 2*h + y, 352 = 2*h + 5*y. Suppose 5*j = -d - 345, -4*j - 4*d = 106 + h. Let u = -45 - j. Calculate the highest common factor of u and 115.
23
Let j be 5*(-2)/6*(20 - 29). Calculate the highest common factor of 645 and j.
15
Let h(l) be the second derivative of l**5/10 - 5*l**4/6 - l**3/6 + 7*l**2/2 - 14*l. Let a be h(5). Calculate the greatest common factor of 9 and a.
1
Suppose 0 = -j - 4*j - 180. Let o be (j/8)/(-1 + (-2)/(-4)). Suppose 0 = d + d - 126. What is the greatest common divisor of d and o?
9
Let j be (-104568)/(-60) - (-2)/10. What is the greatest common divisor of j and 21?
21
Suppose 2031 + 15337 = 8*c. Calculate the greatest common factor of 13 and c.
13
Let l = 305 + -533. Let b be (-4)/(-16) - l/(-16). Let g be (120/(-14))/(1/b). Calculate the greatest common factor of g and 24.
24
Let m = 408 + -402. What is the greatest common divisor of 38 and m?
2
Let q(s) = 2*s**2 - 4*s - 28. Let d be q(-5). Calculate the greatest common factor of d and 70.
14
Suppose 0 = -3*a + a + 2. Suppose -3*x + 13 = a. Calculate the greatest common factor of x and 32.
4
Suppose 2*h - 4*k - 60 = 0, 3*k + 2*k = 4*h - 108. Let f(o) = 12*o + 55. Let v be f(0). What is the greatest common divisor of v and h?
11
Let h = 6 - -120. Let c = 43 + -27. Suppose c = x + 2. Calculate the greatest common factor of x and h.
14
Let v(g) = -g + 11. Let q be v(10). Let t be (q - (1 - 0))/1. Let w(b) = -b + 21. Let r be w(t). Calculate the greatest common factor of 14 and r.
7
Let d = -175 + 1049. Suppose 0 = -4*b + 8, b = 4*z - 2*b - d. What is the greatest common divisor of 20 and z?
20
Suppose 14*x + 144 - 592 = 0. What is the greatest common factor of x and 304?
16
Let n(z) = -z**2 - 10*z - 9. Let h be n(-3). Calculate the greatest common divisor of 30 and h.
6
Let p = 63 + -58. Let l be 17/p - (-1)/(10/(-4)). What is the highest common divisor of 33 and l?
3
Let g(d) = 37*d**3 + d**2 - 8. Let s be g(3). Calculate the highest common divisor of 50 and s.
50
Suppose -5*u - q + 53 = 0, -4*u - 2*q = -0*q - 46. Suppose 484*w - 1610 = 438*w. What is the greatest common factor of w and u?
5
Let o(m) = 62*m**3 + 1. Let w be o(1). Let x(l) = -3*l - 14. Let t = 0 - 7. Let p be x(t). Calculate the greatest common factor of p and w.
7
Suppose 0 = -880*k + 888*k - 400. What is the highest common divisor of k and 50?
50
Let p(h) = 6*h**2 - 5 + h**3 - 4 - 17*h**2 + 12*h. Let u be p(10). Let z = -117 - -194. What is the highest common factor of u and z?
11
Suppose w - 74 - 16 = 0. What is the greatest common factor of w and 30?
30
Suppose -3*o + 42 = -n, -o + 56 = 3*o + 3*n. Suppose g = 6*g - 10, -4*b + 2 = -3*g. Suppose -b*v = -45 - 11. Calculate the highest common factor of o and v.
14
Let z = -8 + 8. Suppose -2*r = -z*r + 12. Let h(j) = -j**2 - 9*j - 2. Let p be h(r). What is the greatest common divisor of p and 112?
16
Let r be 278*5/35 + (-2)/(-7). What is the highest common factor of r and 8?
8
Suppose 2*g + 4*n - 22 = 0, 11*n = 12*n + 1. What is the highest common factor of 39 and g?
13
Let d = 93 - -19. Calculate the greatest common factor of d and 64.
16
Let i = -22 - -23. Let g be i + (-38)/(0 + -2). Let z be (2 - 3) + 1*9. What is the greatest common factor of g and z?
4
Let x be 4*3*(-32)/(-3). Suppose 24*t + 670 = 1054. What is the highest common factor of x and t?
16
Let a = 52 + -53. Let h be 12 - a/3*(-1 - 5). Calculate the greatest common divisor of h and 80.
10
Let z(v) = -7*v - 222. Let d be z(-42). Calculate the highest common divisor of 48 and d.
24
Let n be (-6)/8 + (-255)/(-80)*4. Suppose 0*k = -2*k + 4. Let r be 1 + 1*166/k. Calculate the highest common divisor of n and r.
12
Suppose -5*g = -0*j - 2*j - 247, 5*j = -g + 71. What is the greatest common factor of 153 and g?
51
Suppose -p = -5*t + 56, -2*t + 5*p - 3 + 30 = 0. Suppose -t = -4*d + 3*d. Let j be 4 + (-124)/28 - (-388)/7. Calculate the greatest common divisor of j and d.
11
Let c = 217 + -151. Let j = c - 54. What is the highest common factor of 48 and j?
12
Let a(x) = 3*x + 3. Let r be a(1). Let k be 362/r - 0 - (-6)/(-18). What is the greatest common divisor of k and 15?
15
Let s = 407 - 202. Suppose 7*b - 488 = s. Let r = -14 + 25. Calculate the greatest common divisor of b and r.
11
Suppose 329 = 4*m + k, -5*k = 2*m - 5*m + 218. Suppose -2*h - h + m = 0. What is the greatest common divisor of 9 and h?
9
Let b(v) = 3*v + 9. Let c be b(4). Let d = -6 - -16. Let f(g) = g - 7. Let o be f(d). Calculate the greatest common divisor of o and c.
3
Let w be (-6166)/(-12) - (-60)/(-72). Calculate the highest common factor of 27 and w.
27
Let b be 151*1 - (1 - -3). Suppose 0 = -17*s + 10*s + b. What is the greatest common divisor of 168 and s?
21
Let p be ((-33)/(-15) + -1)*30. Suppose 216 + 104 = -8*m. Let r = 44 + m. What is the highest common divisor of p and r?
4
Let v = -136 + 287. Let h be ((-148)/5)/((-5)/50). Let b = h - v. Calculate the greatest common divisor of b and 58.
29
Suppose -16*b - 81*b = -1649. What is the greatest common factor of 4 and b?
1
Let v = 0 + 10. Suppose -3*s + 3*h + v = 2*h, -18 = -3*s - 3*h. Suppose -5*u + 203 = 3*k, -5*u + 204 = k + 3*k. What is the highest common divisor of u and s?
4
Let h(s) = -s**3 + 13*s**2 - 4*s - 3. Let p be h(11). Calculate the highest common divisor of p and 130.
65
Let a be -1 - 24/(8/(-2)). Suppose -a*s + 337 = -248. Calculate the highest common factor of 13 and s.
13
Suppose -4*j + 142 = 5*m, -116 = -4*m + 15*j - 17*j. Calculate the greatest common divisor of m and 225.
15
Suppose -j - 5*i + 209 = 0, -209 = -5*j + 4*j + i. What is the greatest common factor of 38 and j?
19
Let v = -89 - -28. Let x = v + 64. Calculate the greatest common divisor of x and 3.
3
Suppose 2*l = -2, -z - 4*z + 170 = -5*l. Calculate the highest common factor of 385 and z.
11
Suppose u - 1 = 4. Suppose 12 = u*s - s. Suppose s = -p + 4. Calculate the highest common factor of p and 5.
1
Let n be (-2)/7 + 11/(462/2196). What is the greatest common divisor of n and 13?
13
Let a(l) = -2*l**2 - 27*l - 18. Let x be a(-9). What is the greatest common factor of x and 21?
21
Let u(x) = x**2 + 11*x - 24. Let v be u(-15). Suppose 0 = -3*m - 5*p + 573 - 18, 5*m + 4*p = 912. Calculate the highest common divisor of v and m.
36
Let o be 9/(-45) - (1104/(-15))/8. Calculate the highest common divisor of o and 285.
3
Let x(c) = 26*c - 168. Let i be x(9). Calculate the highest common divisor of 495 and i.
33
Let f be (-20)/(1 + -3*6/9). What is the highest common factor of f and 6?
2
Let w(p) = 34*p**2 + p. Let l be w(-1). Let z be (1320 + 2)/(2/1). Let a be z/4 - 3/12. What is the highest common factor of l and a?
33
Suppose 6*j = 10 + 20. Suppose 2*i = 4*k - 20 - 26, 4*k = -j*i + 53. What is the greatest common fac